n, n = 4*w + 23. Let q(a) = a**3 - 7*a**2 - a - 8. Give q(n).
-15
Let r(p) = -p**2 + 2*p - 4. Let h be r(3). Let b(w) = 4*w**3 - 4*w**2 + 4*w - 1. Let t(a) = 13*a**3 - 13*a**2 + 13*a - 3. Let k(f) = h*b(f) + 2*t(f). Give k(1).
-1
Let q(o) be the first derivative of -o**3/3 + o**2/2 - o + 1. Let a = 3 - 5. What is q(a)?
-7
Suppose 5*a - 2*a + 3*d - 12 = 0, a - 3*d = 8. Let g(r) = -2*r + r**2 + 1 + 2*r. Let w(h) = -4*h**2 - 5*h. Let u(x) = -5*g(x) - w(x). What is u(a)?
-5
Let a(n) = 8 - n - 3*n - n + 6*n. Determine a(-6).
2
Suppose 0 = -4*y + 3 + 5. Let n(m) = 6*m**2 + 2*m + 2. Let z(a) = -5*a**2 - 2*a - 1. Let c(r) = 4*n(r) + 5*z(r). Calculate c(y).
-5
Let s = 0 + 0. Let o(z) = z - 10. Determine o(s).
-10
Suppose -5*s = -3*d - 0*d + 14, 3*s + 3 = 0. Let a(n) = 4*n - 3*n - 1 - d. Suppose 4*t - 6 - 10 = 0. What is a(t)?
0
Let y(w) = 13*w - 8. Let t(m) = -5*m + 3. Let k(i) = 11*t(i) + 4*y(i). Let v be (-8)/6*6/(-4). Let c = v + 0. Calculate k(c).
-5
Let w(h) = -3*h**2 - 64*h - 12. Let x(c) = -c**2 - 22*c - 4. Let k(d) = -6*w(d) + 17*x(d). Determine k(-10).
4
Suppose 0 = p + 3*p - 8. Let s(y) be the first derivative of y**4/4 - 2*y**3/3 + y**2 - 2*y - 70. Calculate s(p).
2
Let o(d) = d + 17. Let h(g) = g**2 + 10*g + 1. Let r be h(-8). Let j be o(r). Let z(l) = 4*l**2 - 2*l - 2. What is z(j)?
10
Let s(z) be the third derivative of -z**4/4 + 25*z**3/6 + 4*z**2. Let m(b) = b - 5. Let y(t) = -11*m(t) - 2*s(t). Determine y(-5).
0
Let a(k) = -k**2 + 11. Let o(g) = 2. Let b(y) = a(y) - 6*o(y). Determine b(2).
-5
Let v(b) = 5*b**3 - 7 + 29*b**2 - 30*b**2 + 7. What is v(1)?
4
Suppose -s = 8 - 20. Suppose -w - s = -4*w. Let o(r) = -r**3 + 3*r**2 + 3*r - 5. What is o(w)?
-9
Let o(z) = -5*z + 0*z + 2 - 3*z**2 + 0*z**2 - z**3 - 3*z**2. Let y = -3 - 2. Calculate o(y).
2
Let k(s) = -s**2 + 2*s. Let a = 19 + -17. Let x be (-81)/18*a/(-3). Give k(x).
-3
Suppose p - 6*p = -10. Let k(i) = -i**3 + 4 + 3*i**2 - 5*i + p*i + 0. Suppose -4*b - 2*g + 6 = 0, -2*b - 3*g = -g. Give k(b).
-5
Let w(n) = 11*n**2 + n - 1. Suppose 4*a - 2 - 2 = 0. What is w(a)?
11
Suppose j + 0*j = -4*p + 18, -4*j + 4*p = 8. Let w(z) = 9*z**3 + z**j + 1 - 10*z**3 + 3*z**2. What is w(4)?
1
Suppose -9 = 3*h - 27. Let s be 18/(-21)*(-21)/h. Let w(y) = -y**3 + 4*y**2 - y - 4. Calculate w(s).
2
Let b be (7 - (-16)/(-4)) + 3. Let l(x) = x**3 - 6*x**2 + x - 4. Determine l(b).
2
Let i(d) = -2*d + 2. Let k = -32 - -37. Calculate i(k).
-8
Let f = 9 - 7. Let d(t) = -t**3 + 4*t**2 - t - 1. Give d(f).
5
Let k(m) be the second derivative of 2*m**4/3 + m**2/2 - 33*m. Let i be ((-2)/(-8))/((-2)/(-8)). What is k(i)?
9
Let f(q) = 0*q + 6*q - q**2 + 2 - 3 + 0*q. Determine f(5).
4
Let v(t) = -t**2 + 3*t - 2. Let y(d) = -2*d**2 + 2*d - 3. Let p(b) = -3*v(b) + 2*y(b). Give p(-6).
-6
Let n(h) = -7*h - 1. Let v(w) = 7*w + 1. Let a(s) = -2*n(s) - 3*v(s). Determine a(-1).
6
Let a(j) = j**2 - 3*j**3 - 3*j**3 + 2*j + 5*j**3 + 1 + 0*j**3. Determine a(2).
1
Let p(z) = -z**3 - 5*z**2 - 4*z - 3. Let m be p(-4). Let f(w) be the third derivative of -w**4/24 + w**3/3 + 6*w**2. What is f(m)?
5
Let n(x) = -x**3 + 5*x**2 + 9*x - 6. Let i = 103 - 97. Determine n(i).
12
Let s(w) = w**2 + 4*w - 4. Let d(c) = -c**3 + 10*c**2 - 10*c + 5. Let l be d(9). Calculate s(l).
-4
Let x(u) = 3 + 0*u**2 + 10*u - 3*u + u**2. Let s be 2/(-9 - -3)*12. Calculate x(s).
-9
Suppose -15 = -5*h + 60. Suppose 3*v = v - 2*j, 2*j + h = v. Let x(g) = -g**2 + 5*g - 4. Determine x(v).
-4
Let p = 7 + -4. Let n(g) = 4*g + 3. Let l(z) = 11*z + 8. Let a(s) = p*l(s) - 8*n(s). Let d(m) = m**2 + 2*m - 1. Let i be d(-2). Give a(i).
-1
Let t(x) = -225 - 2*x**2 - 3*x + 3*x**2 + 222. Give t(4).
1
Let h = 36 + -22. Let b = h - 8. Let m(o) = o**2 - 4*o - 6. Give m(b).
6
Let p(y) = 9 + y**2 + y**3 - 11*y + 0*y**3 - 7*y**2 + 7*y. What is p(6)?
-15
Let t(j) = -j**3 + 15*j**2 - 2*j + 36. Let g be t(15). Let k(d) = d**2 - 8*d + 6. Determine k(g).
-6
Let t(s) be the second derivative of -s**3/6 + 7*s. Let m be (2/3)/((-4)/(-18)). Determine t(m).
-3
Let v(l) be the third derivative of l**5/60 - l**3/6 + 15*l**2. Calculate v(5).
24
Let g be 24/18 - (-6)/9. Let i(w) = -2*w**3 + 2*w**2 + 2*w - 3. Determine i(g).
-7
Let t be -1*(-2)/(-2)*3. Let h = 2 + 0. Let l(c) = 2*c**2 - 4*c**2 + 6*c**2 - 3*c**h + 3*c + 2. What is l(t)?
2
Let y = -5 - -7. Let a(g) = -5*g**2 + 4*g**2 - 3*g**2 - g - g**y. Calculate a(-1).
-4
Let i(t) = -11*t + 3. Let n = -12 - -17. Let s(j) = -5*j + 2. Suppose 3*y = 2*y - 3. Let h(c) = n*s(c) + y*i(c). Calculate h(-1).
-7
Let i(y) = -5*y**3 + 7*y**2 - 9*y - 6. Let a(l) = 4*l**3 - 6*l**2 + 8*l + 5. Let x = -9 - -3. Let c(k) = x*a(k) - 5*i(k). Calculate c(-3).
-9
Let l(w) = -7 + 4*w - 5*w + 2*w**2 + 3 + 0*w. Suppose 4*c + 5*d = 6*d + 11, 0 = c - d - 2. Determine l(c).
11
Suppose 14 + 2 = 4*i. Let g(v) = -v**3 + 3*v - 1 + 2 + 2*v**3 - 5*v**2. Determine g(i).
-3
Let l = 4 - 2. Suppose l*r = -4 + 2. Let v(z) = 7*z**3 + z**2. Determine v(r).
-6
Let m(r) be the first derivative of -r**2/2 - 2*r + 20. Let n = -5 + 2. Calculate m(n).
1
Let n(f) = 4*f**2 + 21*f - 28. Let u(s) = s**2 + 5*s - 7. Let a(j) = -2*n(j) + 9*u(j). What is a(-5)?
3
Let x(v) be the second derivative of -v**3/3 - 3*v**2/2 - 11*v. Let t(u) = -u - 3. Let d be t(-7). Determine x(d).
-11
Suppose -2*p + 7 = -t - 1, 4*t + 14 = 5*p. Let n(k) = k**2 - 5*k + 7. Determine n(p).
13
Let q(v) = -v. Let t(l) = -5. Let b(m) = q(m) + t(m). Let a be b(-7). Let c(j) = 4*j - 3*j - a + j**2 - 4*j. Calculate c(4).
2
Let u be 25/9 + 2/9. Suppose 5*m - 7 = 3. Let k(z) = -5*z - z**3 + 3*z**m - 6*z + 9*z - 1. Determine k(u).
-7
Let u(h) be the second derivative of -h**4/12 - h**3/2 - h. Give u(-4).
-4
Let k be 56/32 - 1/(-4). Let u(i) be the first derivative of -1/2*i**2 + 4*i + 3. Calculate u(k).
2
Suppose -5*w + 21 = -2*w. Let s = w + -5. Let u(o) = -15*o + 19*o - o**s - 4 + 3. Determine u(5).
-6
Let p = -5 + 5. Let u(d) = 2*d**2 + 2 + 1 + 2*d + d**3 + p*d**3 - 1. Let w = -1 - 1. Give u(w).
-2
Let x = -12 + 9. Let f(s) = s**3 + 3*s**2 - s + 3. What is f(x)?
6
Let c(k) = -3*k - k - 2*k + 5 + 4*k. Let h be 5*1 + 2 + -3. Calculate c(h).
-3
Let d(j) be the third derivative of j**6/120 - j**5/12 - 7*j**4/24 + j**3/2 - 9*j**2. Give d(6).
-3
Let a = -14 - -18. Let m(b) = -4*b**2 + 1 - 2*b + 5*b**3 + 2 + 3 - a*b**3. Give m(4).
-2
Let h(o) = -4*o + 1. Let a(l) = -5*l + 1. Let t(v) = 2*a(v) - 3*h(v). Let k be -8*((-6)/(-4) + -2). Calculate t(k).
7
Suppose -5*h - 15 = -10*h. Let q(d) = 2. Let i(m) = m - 1. Let b(g) = 5*g - 5. Let p(w) = -2*b(w) + 9*i(w). Let x(u) = 2*p(u) - 3*q(u). Calculate x(h).
-10
Let s(p) = -p + 2. Let u(k) = 20*k**2 - 4*k + 5. Let v(q) = -2*s(q) + u(q). Give v(1).
19
Suppose -3*m + 10 = 4*a, 0 = m + m + 2*a - 6. Suppose -m*f + 20 = 2*f. Let n(q) = -5 + 5*q**3 + q**3 - 7*q**3 + 6*q**2 - 5*q. Determine n(f).
-5
Let b(c) = c**3 + 2*c**2 - 3*c - 2. Let n = 13 - 16. Let p be b(n). Let d(r) = -3*r. Give d(p).
6
Let u(t) be the third derivative of t**6/360 + t**5/24 - t**4/6 + t**3/3 + t**2. Let i(b) be the first derivative of u(b). What is i(-5)?
-4
Suppose 3*k + 2*k = 110. Let u be k/(-8) + (-15)/(-20). Let i(w) be the first derivative of w**2/2 - 1. Calculate i(u).
-2
Suppose 4*y + 228 = -15*y. Let x(v) = -v**3 - 13*v**2 - 13*v - 7. Calculate x(y).
5
Suppose 0 = 4*q - 8*q. Let z(w) be the second derivative of w**3/6 - 7*w**2/2 - 5*w. Calculate z(q).
-7
Let u(h) be the second derivative of -h**3/6 + 3*h**2/2 - 3*h. Let q be 1/(0 + 1/(-6)). Let w = 9 + q. What is u(w)?
0
Let j(p) = 6*p**2 - 1 - 9*p**2 + 5*p**3 + 3*p**2. What is j(1)?
4
Suppose p + 29 = -2*p + 5*x, -2*p = -4*x + 22. Let f(b) = -4*b + 9*b + 3 + b - 7*b. Determine f(p).
6
Let k be ((-2)/(8/(-20)) + 0)*-1. Let w(g) = -g**2. Let l(n) = -3*n**2 + 4*n - 2. Let q(y) = -l(y) + 4*w(y). Give q(k).
-3
Let s(m) be the third derivative of -m**2 - 1/24*m**4 + m**3 + 0*m + 0. What is s(6)?
0
Suppose -5*l = -1 - 4. Let z = l - 3. Let w(d) = 5*d - 4. Let x(a) = -26*a + 21. Let n(h) = 11*w(h) + 2*x(h). Give n(z).
-8
Let o(a) = -a**2 + 4. Let c = -73 + 69. What is o(c)?
-12
Let q = 142 - 144. Let l(g) = g**3 + g**2 + g. Give l(q).
-6
Let k(g) = g + 12. Suppose 26 = -4*f + 2. Determine k(f).
6
Let r = 12 - -6. Suppose 3 + r = -t. Let y be 16/(-3) - 7/t. Let j(u) = -u**2 - 5